{"id":791,"date":"2023-02-10T17:13:13","date_gmt":"2023-02-10T16:13:13","guid":{"rendered":"https:\/\/3y9jeavoxu.preview.infomaniak.website\/?page_id=791"},"modified":"2023-02-20T14:02:48","modified_gmt":"2023-02-20T13:02:48","slug":"solutions-sur-mesure","status":"publish","type":"page","link":"https:\/\/www.materiaux.archi\/content\/solutions-sur-mesure\/","title":{"rendered":"Mat\u00e9riauth\u00e8que physique et Showroom sur mesure"},"content":{"rendered":"\n<div style=\"height:100px\" aria-hidden=\"true\" class=\"wp-block-spacer\"><\/div>\n\n\n\n<div class=\"wp-block-media-text alignwide has-media-on-the-right is-stacked-on-mobile\" style=\"grid-template-columns:auto 33%\"><div class=\"wp-block-media-text__content\">\n<h2 class=\"has-blue-color has-text-color wp-block-heading\">Cr\u00e9ez une Mat\u00e9riauth\u00e8que physique et digitale sur mesure<\/h2>\n\n\n\n<p>Retrouvez en un seul lieu toutes les mati\u00e8res avec lesquelles vous pourrez travailler, permettant ainsi de r\u00e9veiller vos sens, servir de base de connaissance, mais \u00e9galement d&rsquo;y pr\u00e9senter le sourcing des mati\u00e8res int\u00e9ressantes qui seront utilis\u00e9es dans vos projets et cr\u00e9ations \u00e0 venir.  Cr\u00e9ez votre lieu d&rsquo;\u00e9change autour des mat\u00e9riaux avec des \u00e9chantillons connect\u00e9s !<\/p>\n<\/div><figure class=\"wp-block-media-text__media\"><img fetchpriority=\"high\" decoding=\"async\" width=\"1600\" height=\"1133\" src=\"https:\/\/www.materiaux.archi\/content\/wp-content\/uploads\/2023\/02\/Materiautheque_sur_mesure-1600x1133.jpg\" alt=\"\" class=\"wp-image-1044 size-full\" srcset=\"https:\/\/www.materiaux.archi\/content\/wp-content\/uploads\/2023\/02\/Materiautheque_sur_mesure-1600x1133.jpg 1600w, https:\/\/www.materiaux.archi\/content\/wp-content\/uploads\/2023\/02\/Materiautheque_sur_mesure-300x212.jpg 300w, https:\/\/www.materiaux.archi\/content\/wp-content\/uploads\/2023\/02\/Materiautheque_sur_mesure-768x544.jpg 768w, https:\/\/www.materiaux.archi\/content\/wp-content\/uploads\/2023\/02\/Materiautheque_sur_mesure-1536x1088.jpg 1536w, https:\/\/www.materiaux.archi\/content\/wp-content\/uploads\/2023\/02\/Materiautheque_sur_mesure-2048x1450.jpg 2048w\" sizes=\"(max-width: 1600px) 100vw, 1600px\" \/><\/figure><\/div>\n\n\n\n<div style=\"height:100px\" aria-hidden=\"true\" class=\"wp-block-spacer\"><\/div>\n\n\n\n<div class=\"wp-block-cover is-style-full-size-cover is-style-full-width-cover\" style=\"min-height:350px;aspect-ratio:unset;\"><span aria-hidden=\"true\" class=\"wp-block-cover__background has-blue-background-color has-background-dim-100 has-background-dim\"><\/span><div class=\"wp-block-cover__inner-container is-layout-flow wp-block-cover-is-layout-flow\">\n<div class=\"wp-block-columns are-vertically-aligned-center is-layout-flex wp-container-core-columns-is-layout-9d6595d7 wp-block-columns-is-layout-flex\">\n<div class=\"wp-block-column is-vertically-aligned-center is-layout-flow wp-block-column-is-layout-flow\">\n<p class=\"has-light-color has-text-color\">Cr\u00e9ez votre Mat\u00e9riauth\u00e8que sur mesure<\/p>\n\n\n\n<h2 class=\"has-text-align-left has-light-color has-text-color has-large-font-size wp-block-heading\">Materiaux.archi vous propose de cr\u00e9er votre Mat\u00e9riauth\u00e8que sur mesure et de connecter vos \u00e9chantillons.<\/h2>\n<\/div>\n\n\n\n<div class=\"wp-block-column is-vertically-aligned-center is-layout-flow wp-block-column-is-layout-flow\">\n<div class=\"wp-block-buttons is-content-justification-center is-layout-flex wp-container-core-buttons-is-layout-16018d1d wp-block-buttons-is-layout-flex\">\n<div class=\"wp-block-button\"><a class=\"wp-block-button__link has-blue-color has-light-background-color has-text-color has-background wp-element-button\" href=\"https:\/\/www.materiaux.archi\/content\/contact\/\" style=\"border-radius:0px\" target=\"_blank\" rel=\"noreferrer noopener\">Contactez-nous<\/a><\/div>\n<\/div>\n<\/div>\n<\/div>\n<\/div><\/div>\n\n\n\n<div style=\"height:70px\" aria-hidden=\"true\" class=\"wp-block-spacer\"><\/div>\n\n\n\n<div class=\"wp-block-media-text alignwide has-media-on-the-right is-stacked-on-mobile\" style=\"grid-template-columns:auto 33%\"><div class=\"wp-block-media-text__content\">\n<h2 class=\"has-blue-color has-text-color wp-block-heading\">Cr\u00e9ez un showroom connect\u00e9<\/h2>\n\n\n\n<p>Cr\u00e9ez un Showroom connect\u00e9 pour proposer \u00e0 vos clients de scanner vos mat\u00e9riaux et de retrouver l&rsquo;ensemble des donn\u00e9es visuelles et techniques. Un r\u00e9el outil de pr\u00e9sentation ou d&rsquo;aide \u00e0 la vente alliant physique et digital. <\/p>\n\n\n\n<p><\/p>\n<\/div><figure class=\"wp-block-media-text__media\"><img decoding=\"async\" width=\"1024\" height=\"820\" src=\"https:\/\/3y9jeaxvft.preview.infomaniak.website\/content\/wp-content\/uploads\/2023\/02\/Showroom_connecte-1024x820.jpg\" alt=\"\" class=\"wp-image-917 size-full\" srcset=\"https:\/\/www.materiaux.archi\/content\/wp-content\/uploads\/2023\/02\/Showroom_connecte-1024x820.jpg 1024w, https:\/\/www.materiaux.archi\/content\/wp-content\/uploads\/2023\/02\/Showroom_connecte-300x240.jpg 300w, https:\/\/www.materiaux.archi\/content\/wp-content\/uploads\/2023\/02\/Showroom_connecte-1600x1281.jpg 1600w, https:\/\/www.materiaux.archi\/content\/wp-content\/uploads\/2023\/02\/Showroom_connecte-768x615.jpg 768w, https:\/\/www.materiaux.archi\/content\/wp-content\/uploads\/2023\/02\/Showroom_connecte-1536x1230.jpg 1536w, https:\/\/www.materiaux.archi\/content\/wp-content\/uploads\/2023\/02\/Showroom_connecte-2048x1640.jpg 2048w\" sizes=\"(max-width: 1024px) 100vw, 1024px\" \/><\/figure><\/div>\n\n\n\n<div style=\"height:70px\" aria-hidden=\"true\" class=\"wp-block-spacer\"><\/div>\n\n\n\n<div class=\"wp-block-cover is-style-full-size-cover is-style-full-width-cover\" style=\"min-height:350px;aspect-ratio:unset;\"><span aria-hidden=\"true\" class=\"wp-block-cover__background has-blue-background-color has-background-dim-100 has-background-dim\"><\/span><div class=\"wp-block-cover__inner-container is-layout-flow wp-block-cover-is-layout-flow\">\n<div class=\"wp-block-columns are-vertically-aligned-center is-layout-flex wp-container-core-columns-is-layout-9d6595d7 wp-block-columns-is-layout-flex\">\n<div class=\"wp-block-column is-vertically-aligned-center is-layout-flow wp-block-column-is-layout-flow\">\n<p class=\"has-light-color has-text-color\">Cr\u00e9ez votre showroom connect\u00e9<\/p>\n\n\n\n<h2 class=\"has-text-align-left has-light-color has-text-color has-large-font-size wp-block-heading\">Materiaux.archi vous propose de cr\u00e9er un lieu d\u00e9di\u00e9 \u00e0 la mati\u00e8re.<\/h2>\n<\/div>\n\n\n\n<div class=\"wp-block-column is-vertically-aligned-center is-layout-flow wp-block-column-is-layout-flow\">\n<div class=\"wp-block-buttons is-content-justification-center is-layout-flex wp-container-core-buttons-is-layout-16018d1d wp-block-buttons-is-layout-flex\">\n<div class=\"wp-block-button\"><a class=\"wp-block-button__link has-blue-color has-light-background-color has-text-color has-background wp-element-button\" href=\"https:\/\/www.materiaux.archi\/content\/contact\/\" style=\"border-radius:0px\" target=\"_blank\" rel=\"noreferrer noopener\">Contactez-nous<\/a><\/div>\n<\/div>\n<\/div>\n<\/div>\n<\/div><\/div>\n\n\n\n<div style=\"height:120px\" aria-hidden=\"true\" class=\"wp-block-spacer\"><\/div>\n","protected":false},"excerpt":{"rendered":"<p>Cr\u00e9ez une Mat\u00e9riauth\u00e8que physique et digitale sur mesure Retrouvez en un seul lieu toutes les mati\u00e8res avec lesquelles vous pourrez travailler, permettant ainsi de r\u00e9veiller vos sens, servir de base de connaissance, mais \u00e9galement d&rsquo;y pr\u00e9senter le sourcing des mati\u00e8res int\u00e9ressantes qui seront utilis\u00e9es dans vos projets et cr\u00e9ations \u00e0 venir. Cr\u00e9ez votre lieu d&rsquo;\u00e9change [&hellip;]<\/p>\n","protected":false},"author":6,"featured_media":0,"parent":0,"menu_order":0,"comment_status":"closed","ping_status":"closed","template":"","meta":{"footnotes":""},"class_list":["post-791","page","type-page","status-publish","hentry"],"acf":[],"_links":{"self":[{"href":"https:\/\/www.materiaux.archi\/content\/wp-json\/wp\/v2\/pages\/791","targetHints":{"allow":["GET"]}}],"collection":[{"href":"https:\/\/www.materiaux.archi\/content\/wp-json\/wp\/v2\/pages"}],"about":[{"href":"https:\/\/www.materiaux.archi\/content\/wp-json\/wp\/v2\/types\/page"}],"author":[{"embeddable":true,"href":"https:\/\/www.materiaux.archi\/content\/wp-json\/wp\/v2\/users\/6"}],"replies":[{"embeddable":true,"href":"https:\/\/www.materiaux.archi\/content\/wp-json\/wp\/v2\/comments?post=791"}],"version-history":[{"count":32,"href":"https:\/\/www.materiaux.archi\/content\/wp-json\/wp\/v2\/pages\/791\/revisions"}],"predecessor-version":[{"id":1045,"href":"https:\/\/www.materiaux.archi\/content\/wp-json\/wp\/v2\/pages\/791\/revisions\/1045"}],"wp:attachment":[{"href":"https:\/\/www.materiaux.archi\/content\/wp-json\/wp\/v2\/media?parent=791"}],"curies":[{"name":"wp","href":"https:\/\/api.w.org\/{rel}","templated":true}]}}

Matériauthèque physique et Showroom sur mesure

<div style="height:100px" aria-hidden="true" class="wp-block-spacer"></div>



<div class="wp-block-media-text alignwide has-media-on-the-right is-stacked-on-mobile" style="grid-template-columns:auto 33%"><div class="wp-block-media-text__content">
<h2 class="has-blue-color has-text-color wp-block-heading">Créez une Matériauthèque physique et digitale sur mesure</h2>



<p>Retrouvez en un seul lieu toutes les matières avec lesquelles vous pourrez travailler, permettant ainsi de réveiller vos sens, servir de base de connaissance, mais également d&rsquo;y présenter le sourcing des matières intéressantes qui seront utilisées dans vos projets et créations à venir.  Créez votre lieu d&rsquo;échange autour des matériaux avec des échantillons connectés !</p>
</div><figure class="wp-block-media-text__media"><img fetchpriority="high" decoding="async" width="1600" height="1133" src="https://www.materiaux.archi/content/wp-content/uploads/2023/02/Materiautheque_sur_mesure-1600x1133.jpg" alt="" class="wp-image-1044 size-full" srcset="https://www.materiaux.archi/content/wp-content/uploads/2023/02/Materiautheque_sur_mesure-1600x1133.jpg 1600w, https://www.materiaux.archi/content/wp-content/uploads/2023/02/Materiautheque_sur_mesure-300x212.jpg 300w, https://www.materiaux.archi/content/wp-content/uploads/2023/02/Materiautheque_sur_mesure-768x544.jpg 768w, https://www.materiaux.archi/content/wp-content/uploads/2023/02/Materiautheque_sur_mesure-1536x1088.jpg 1536w, https://www.materiaux.archi/content/wp-content/uploads/2023/02/Materiautheque_sur_mesure-2048x1450.jpg 2048w" sizes="(max-width: 1600px) 100vw, 1600px" /></figure></div>



<div style="height:100px" aria-hidden="true" class="wp-block-spacer"></div>



<div class="wp-block-cover is-style-full-size-cover is-style-full-width-cover" style="min-height:350px;aspect-ratio:unset;"><span aria-hidden="true" class="wp-block-cover__background has-blue-background-color has-background-dim-100 has-background-dim"></span><div class="wp-block-cover__inner-container is-layout-flow wp-block-cover-is-layout-flow">
<div class="wp-block-columns are-vertically-aligned-center is-layout-flex wp-container-core-columns-is-layout-9d6595d7 wp-block-columns-is-layout-flex">
<div class="wp-block-column is-vertically-aligned-center is-layout-flow wp-block-column-is-layout-flow">
<p class="has-light-color has-text-color">Créez votre Matériauthèque sur mesure</p>



<h2 class="has-text-align-left has-light-color has-text-color has-large-font-size wp-block-heading">Materiaux.archi vous propose de créer votre Matériauthèque sur mesure et de connecter vos échantillons.</h2>
</div>



<div class="wp-block-column is-vertically-aligned-center is-layout-flow wp-block-column-is-layout-flow">
<div class="wp-block-buttons is-content-justification-center is-layout-flex wp-container-core-buttons-is-layout-16018d1d wp-block-buttons-is-layout-flex">
<div class="wp-block-button"><a class="wp-block-button__link has-blue-color has-light-background-color has-text-color has-background wp-element-button" href="https://www.materiaux.archi/content/contact/" style="border-radius:0px" target="_blank" rel="noreferrer noopener">Contactez-nous</a></div>
</div>
</div>
</div>
</div></div>



<div style="height:70px" aria-hidden="true" class="wp-block-spacer"></div>



<div class="wp-block-media-text alignwide has-media-on-the-right is-stacked-on-mobile" style="grid-template-columns:auto 33%"><div class="wp-block-media-text__content">
<h2 class="has-blue-color has-text-color wp-block-heading">Créez un showroom connecté</h2>



<p>Créez un Showroom connecté pour proposer à vos clients de scanner vos matériaux et de retrouver l&rsquo;ensemble des données visuelles et techniques. Un réel outil de présentation ou d&rsquo;aide à la vente alliant physique et digital. </p>



<p></p>
</div><figure class="wp-block-media-text__media"><img decoding="async" width="1024" height="820" src="https://3y9jeaxvft.preview.infomaniak.website/content/wp-content/uploads/2023/02/Showroom_connecte-1024x820.jpg" alt="" class="wp-image-917 size-full" srcset="https://www.materiaux.archi/content/wp-content/uploads/2023/02/Showroom_connecte-1024x820.jpg 1024w, https://www.materiaux.archi/content/wp-content/uploads/2023/02/Showroom_connecte-300x240.jpg 300w, https://www.materiaux.archi/content/wp-content/uploads/2023/02/Showroom_connecte-1600x1281.jpg 1600w, https://www.materiaux.archi/content/wp-content/uploads/2023/02/Showroom_connecte-768x615.jpg 768w, https://www.materiaux.archi/content/wp-content/uploads/2023/02/Showroom_connecte-1536x1230.jpg 1536w, https://www.materiaux.archi/content/wp-content/uploads/2023/02/Showroom_connecte-2048x1640.jpg 2048w" sizes="(max-width: 1024px) 100vw, 1024px" /></figure></div>



<div style="height:70px" aria-hidden="true" class="wp-block-spacer"></div>



<div class="wp-block-cover is-style-full-size-cover is-style-full-width-cover" style="min-height:350px;aspect-ratio:unset;"><span aria-hidden="true" class="wp-block-cover__background has-blue-background-color has-background-dim-100 has-background-dim"></span><div class="wp-block-cover__inner-container is-layout-flow wp-block-cover-is-layout-flow">
<div class="wp-block-columns are-vertically-aligned-center is-layout-flex wp-container-core-columns-is-layout-9d6595d7 wp-block-columns-is-layout-flex">
<div class="wp-block-column is-vertically-aligned-center is-layout-flow wp-block-column-is-layout-flow">
<p class="has-light-color has-text-color">Créez votre showroom connecté</p>



<h2 class="has-text-align-left has-light-color has-text-color has-large-font-size wp-block-heading">Materiaux.archi vous propose de créer un lieu dédié à la matière.</h2>
</div>



<div class="wp-block-column is-vertically-aligned-center is-layout-flow wp-block-column-is-layout-flow">
<div class="wp-block-buttons is-content-justification-center is-layout-flex wp-container-core-buttons-is-layout-16018d1d wp-block-buttons-is-layout-flex">
<div class="wp-block-button"><a class="wp-block-button__link has-blue-color has-light-background-color has-text-color has-background wp-element-button" href="https://www.materiaux.archi/content/contact/" style="border-radius:0px" target="_blank" rel="noreferrer noopener">Contactez-nous</a></div>
</div>
</div>
</div>
</div></div>



<div style="height:120px" aria-hidden="true" class="wp-block-spacer"></div>

<p>Créez une Matériauthèque physique et digitale sur mesure Retrouvez en un seul lieu toutes les matières avec lesquelles vous pourrez travailler, permettant ainsi de réveiller vos sens, servir de base de connaissance, mais également d&rsquo;y présenter le sourcing des matières intéressantes qui seront utilisées dans vos projets et créations à venir. Créez votre lieu d&rsquo;échange [&hellip;]</p>
